me number?
False
Is 82088441 prime?
True
Is 26392429039 prime?
True
Is 264719285927 a prime number?
True
Is 1575947473 a prime number?
True
Is 2301507983 prime?
False
Is 875122429 a composite number?
True
Is 4786155617 a prime number?
True
Is 182800411 a prime number?
True
Is 4773017827 a prime number?
False
Is 8027093 composite?
False
Is 19657477481 prime?
True
Is 308054687 prime?
True
Is 1965536687 prime?
True
Is 33094898061 a composite number?
True
Is 829978021 composite?
False
Is 1180808229 composite?
True
Is 213531540553 prime?
False
Is 88295891479 composite?
True
Is 1659373627 a prime number?
True
Is 11993372277 a prime number?
False
Is 2753058473 a composite number?
True
Is 7635080377 a composite number?
True
Is 976768781 a prime number?
False
Is 472124925307 a prime number?
False
Is 675581551 a prime number?
False
Is 258779551 composite?
False
Is 53797833571 a prime number?
True
Is 4751304473 a composite number?
True
Is 281282371 a prime number?
True
Is 3940287553 prime?
True
Is 137798061971 composite?
False
Is 86807171795 prime?
False
Is 1305274181 a prime number?
False
Is 48317989 a composite number?
True
Is 20880313523 composite?
False
Is 65932168163 a prime number?
True
Is 2261431039 composite?
True
Is 1578273377 a prime number?
False
Is 5801914301 composite?
True
Is 5897141969 prime?
False
Is 20739178877 prime?
False
Is 23001200921 a prime number?
True
Is 6258395029 composite?
False
Is 859342529 a prime number?
False
Is 5290438187 prime?
False
Is 327062633 a prime number?
True
Is 34472474317 a composite number?
False
Is 292367123 a prime number?
True
Is 11718061877 composite?
False
Is 8022668603 a prime number?
False
Is 2816161259 prime?
True
Is 396142217 a prime number?
True
Is 15115104841 a prime number?
True
Is 2785852331 composite?
False
Is 4038762581 prime?
False
Is 529630357 prime?
False
Is 5487616417 a prime number?
True
Is 978327941 a composite number?
True
Is 11997479587 composite?
False
Is 3024613379 prime?
False
Is 11810278105 prime?
False
Is 26838482939 a prime number?
True
Is 1139891521 composite?
False
Is 1887294362 composite?
True
Is 3908731877 a composite number?
False
Is 341676132107 prime?
True
Is 71707765 a composite number?
True
Is 1331459033 a prime number?
False
Is 6589836335 prime?
False
Is 191642583371 prime?
False
Is 4587833219 a composite number?
False
Is 6754202443 prime?
False
Is 192048222778 a composite number?
True
Is 226596508867 a composite number?
False
Is 162159397 composite?
False
Is 3501639047 a composite number?
True
Is 61589678647 prime?
False
Is 484587503 a composite number?
True
Is 97772731789 prime?
False
Is 3136386091 prime?
False
Is 2179526197 prime?
False
Is 152102418983 a composite number?
True
Is 90937448489 a composite number?
True
Is 60598644077 a composite number?
False
Is 10699273723 prime?
True
Is 430560899 composite?
False
Is 155531734 a composite number?
True
Is 1709362831 a composite number?
True
Is 727782917 a prime number?
False
Is 1893642659 a composite number?
False
Is 2172377609 composite?
False
Is 38688377437 composite?
False
Is 41838740143 prime?
True
Is 1797533117 a prime number?
False
Is 27051609883 composite?
True
Is 2580752459 prime?
True
Is 286428409 a prime number?
True
Is 929885933 prime?
True
Is 294833047 a composite number?
True
Is 2853833957 a composite number?
True
Is 535706317 a prime number?
False
Is 341273591 composite?
False
Is 1091878405 a composite number?
True
Is 563444603 a prime number?
True
Is 1019134111 prime?
True
Is 27950270519 prime?
False
Is 24793276633 a prime number?
True
Is 1621844121 prime?
False
Is 3523603981 composite?
False
Is 7131375353 prime?
True
Is 1392646933 prime?
False
Is 26396263967 a composite number?
False
Is 2677783583 a prime number?
True
Is 3478267691 a prime number?
False
Is 866054669 a composite number?
False
Is 13213430539 a composite number?
False
Is 649925729 a prime number?
False
Is 1128348071 a prime number?
True
Is 7013400307 prime?
False
Is 1120987654 a prime number?
False
Is 191157121 a composite number?
False
Is 1431990463 prime?
False
Is 9142167974 composite?
True
Is 6838007609 prime?
False
Is 8378267857 a composite number?
True
Is 2409642317 composite?
False
Is 16235352043 composite?
False
Is 16986265 prime?
False
Is 151918723657 composite?
False
Is 66437054741 a composite number?
True
Is 81242237 a prime number?
True
Is 29417058109 a composite number?
False
Is 850308271 a prime number?
False
Is 648663199 a prime number?
True
Is 349441451 a prime number?
True
Is 913533983 prime?
True
Is 30045601 prime?
True
Is 1911651017 prime?
True
Is 9167318674 prime?
False
Is 30904767085 prime?
False
Is 1352822773 composite?
False
Is 2226985685 composite?
True
Is 261856123 a prime number?
False
Is 9454194089 prime?
True
Is 159249703 composite?
True
Is 19256999 prime?
False
Is 58955009 a composite number?
False
Is 4966791637 a prime number?
True
Is 397706983 prime?
False
Is 1329416743 prime?
True
Is 174132996899 prime?
False
Is 92134597837 a composite number?
False
Is 225757681 composite?
False
Is 3579987799 a prime number?
False
Is 3284774393 prime?
False
Is 4551158831 a composite number?
False
Is 399977640033 a composite number?
True
Is 1424690161 composite?
True
Is 199235821117 a composite number?
True
Is 227284753989 prime?
False
Is 546379871 prime?
False
Is 108296807 composite?
True
Is 45612766597 prime?
True
Is 66656069 composite?
True
Is 991890923 composite?
False
Is 8647177127 a prime number?
True
Is 40063395821 a prime number?
True
Is 2464041383 composite?
False
Is 2562816257 a prime number?
True
Is 1765132609 a prime number?
False
Is 378448583 prime?
False
Is 48427681259 a composite number?
True
Is 5190683417 composite?
True
Is 1062593369 a prime number?
True
Is 2271461821 a composite number?
True
Is 6925313699 prime?
False
Is 35964453155 composite?
True
Is 189980387 prime?
True
Is 794809133 composite?
False
Is 1695828427 composite?
False
Is 1008044689 a composite number?
False
Is 3358731839 a composite number?
True
Is 3862114087 a prime number?
False
Is 151204397 prime?
False
Is 39490898653 composite?
True
Is 63106055174 a prime number?
False
Is 242336371309 a composite number?
True
Is 2430407683 a prime number?
False
Is 18196864949 prime?
True
Is 586649839 a composite number?
False
Is 839279969 a prime number?
False
Is 1124896819 a composite number?
False
Is 21741734939 a composite number?
False
Is 32084608694 a composite number?
True
Is 33246851809 a composite number?
False
Is 14915019053 a composite number?
True
Is 3044705413 prime?
True
Is 599953997 prime?
True
Is 24389531 prime?
True
Is 7294958479 a composite number?
False
Is 1380647393 a composite number?
False
Is 9884511023 composite?
False
Is 99764031527 a prime number?
False
Is 14080454621 a composite number?
True
Is 22841617559 composite?
False
Is 1320796697 prime?
False
Is 1684923047 a composite number?
False
Is 841715243 a composite number?
False
Is 4127992681 prime?
False
Is 1461314227 composite?
False
Is 568494671 a prime number?
False
Is 710311001 prime?
False
Is 580669421 a composite number?
True
Is 72128294873 composite?
False
Is 43965240569 a prime number?
True
Is 263620051 a prime number?
False
Is 136043573 a prime number?
True
Is 15970878877 composite?
True
Is 50187299249 a composite number?
True
Is 1839145169 a prime number?
False
Is 907127261 a prime number?
False
Is 97780361051 a prime number?
True
Is 3835410989 a prime number?
True
Is 2999682979 composite?
True
Is 976904713 a composite number?
True
Is 85275472757 composite?
False
Is 102285078301 a prime number?
False
Is 2683201559 a prime number?
False
Is 7605413 a prime number?
True
Is 4028133937 prime?
False
Is 2029460753 prime?
False
Is 27190305247 a prime number?
False
Is 1656846043 prime?
False
Is 2774296727 a composite number?
True
Is 23457549001 composite?
False
Is 13696763803 a prime number?
False
Is 11848562333 composite?
False
Is 291121381 a prime number?
True
Is 331488799 a composite number?
False
Is 1490405197 prime?
False
Is 18438285953 prime?
False
Is 1151668163 a prime number?
False
Is 154650147 a prime number?
False
Is 52629789409 prime?
False
Is 3394928827 a composite number?
True
Is 67360435427 a composite number?
False
Is 9014489047 a prime number?
False
Is 325568149 a 